t is the value of (6 - -1) + 7 + -9?
5
What is -3 - (8 + -1 + -5 + -3)?
-2
5 - (8 - 0) - (-1 - -2)
-4
What is 0 + (-4 + 9 - (3 + 0))?
2
Evaluate 4 + (12 - (4 + 2)) - 5.
5
Calculate -3 + (-7 - -4) - (-1 + -2).
-3
Calculate -7 + (-8 - -10) + 4.
-1
Evaluate 1 + -5 + 1 - (24 + -24).
-3
Evaluate (1 - 2) + 4 + 10 + -16.
-3
Evaluate -1 + (1 - (1 - (-6 - -6))).
-1
Calculate 3 + (2 - 1) - (0 + 2).
2
Calculate 3 + (-16 - -18 - (-2 - 0)).
7
-2 - (-6 - (0 - 1))
3
What is the value of (-3 - (-6 - (3 + -5))) + -4?
-3
What is 10 + (-5 - -3 - 11)?
-3
Evaluate 36 + -38 - (4 - 1).
-5
Evaluate (5 + 4 - 4) + 0.
5
Calculate -2 - -1 - (-57 - -55).
1
What is 1 + 3 + -1 + (-8 - -8)?
3
Evaluate (-137 - -135) + (1 - (5 + 1)).
-7
What is the value of -2 + -1 - (1 + -13 - -6)?
3
What is the value of 1 + -4 + (8 - (-17 - -30))?
-8
Evaluate -5 - (0 + 2 - (-5 - -9)).
-3
9 - 1 - 4 - 5
-1
What is the value of (-1 - 0) + -4 + 4?
-1
(2 - 5 - -2) + -4
-5
(-10 + 3 - -8) + -7
-6
Calculate 5 - (0 + (3 - 5) + 2).
5
What is -6 + (-2 - (6 - 13)) - 6?
-7
-2 - (1 - 7) - (8 - 4)
0
Calculate -6 - (-15 + 5) - (4 + 1).
-1
-2 + 1 + (-11 - (-15 + 8))
-5
(0 + 0 - 0) + -4
-4
(1 + (-3 - 1) - -1) + 2
0
2 + 2 + (-3 + 1 - 0)
2
Evaluate 2 - 5 - (8 + 9 + -23).
3
Evaluate -20 + 17 - (-1 + -3 + 2).
-1
What is 3 + 1 + 1 + -7?
-2
What is the value of 17 + -28 - (-2 + -8)?
-1
What is the value of -4 + -5 - (-1 + -3)?
-5
What is the value of (-6 - -3) + (3 - 2) + 1?
-1
Calculate -1 + (-2 - 4) + 14.
7
What is the value of 3 - (4 + 3 + -3)?
-1
What is -11 + 16 - (1 - -4)?
0
Evaluate 1 + 4 + (-7 - 2).
-4
What is the value of 3 + 0 - (-2 - (2 - 3))?
4
(-2 - (1 + 0)) + 4
1
Calculate 5 - ((12 - -2) + -4) - 0.
-5
What is the value of -4 - ((-2 - -4 - 1) + -10)?
5
(12 - (7 - 11)) + -7
9
Evaluate 0 - 0 - 1 - (32 + -32).
-1
1 - (0 + 5 + -1)
-3
Calculate 12 + (-8 - 3 - -1).
2
Calculate (22 + -31 - (-4 - 1)) + 0.
-4
What is the value of 4 + -5 - (1 - 4) - 6?
-4
(-1 - 1) + (-9 - -7)
-4
Calculate (-4 - (2 - 5)) + 2.
1
-5 + (-6 - -11) - -9
9
Evaluate 3 - 2 - -1 - 4.
-2
Evaluate -8 - (-4 - (5 - 5)).
-4
What is -12 + (6 - 0) - (0 + 2)?
-8
5 + 0 + (3 + -5 - -3)
6
Evaluate 1 + (0 - (-4 - -3)).
2
Calculate (1 - 0) + 3 + -5.
-1
What is 7 + 0 - (-25 - -38)?
-6
-2 + -1 - (-11 - (11 - 22))
-3
-10 - 1 - 0 - (168 + -174)
-5
Calculate -1 - -1 - (-17 - -13).
4
-3 + (-5 - -3) + 7
2
What is 5 - (-1 + 8) - 2?
-4
(0 - 8) + -3 - -7
-4
Evaluate (-4 - -25) + -17 - (8 - -1).
-5
-3 + (-3 - -1) + (2 - 1)
-4
48 + -38 + -5 + 3 + 0
8
Calculate 4 + -1 - (17 - 14).
0
1 + -10 + (5 - (-5 + 6))
-5
What is the value of 10 + -7 + 2 - (8 + 1)?
-4
Calculate -15 + 17 + (0 - -1 - 1).
2
Calculate -4 - (7 + -14 - -8).
-5
Evaluate 24 + -1 + -14 + 1.
10
What is -3 + (-5 - -3 - -6) - 2?
-1
-1 + -2 - -3 - 1
-1
What is 11 + -26 + 12 + 4?
1
Calculate 2 + (0 - 4 - 2) + -4.
-8
Evaluate (0 + 2 - (-1 + 2)) + 2.
3
What is -2 + 7 + 6 - (2 + 3)?
6
What is (11 - 7) + (0 + -7 - -1)?
-2
What is the value of 1 + -1 + (0 - 1) + 4?
3
What is the value of 2 - (10 + 1 + -6 + -1)?
-2
What is -11 + 13 - (4 + 0)?
-2
Calculate -2 + 0 + 0 + -131 + 140.
7
-19 + (10 - 4) - -14
1
Evaluate (3 - 2) + -4 - -6.
3
Evaluate 6 - (6 + (-6 - -2)).
4
Calculate 6 + (3 - 3) + -3.
3
What is (4 - 3) + 3 + 2 + -2?
4
(2 - (11 + -10)) + -9
-8
What is the value of 10 + -14 + 9 + 0?
5
What is -7 - (0 + 4 - 12)?
1
What is the value of -2 + 0 + -3 + (-1 - -2)?
-4
Evaluate 6 - ((-4 - -4) + 1 + 0).
5
5 + (-1 - (-7 - 0)) + -10
1
What is 5 + -19 + (0 + -2 - -9)?
-7
-1 + (-3 - (-9 + 4))
1
What is the value of -3 + (-1 - (-2 - 7))?
5
Calculate 5 - 1 - (-4 - -3).
5
Calculate (4 - 6) + -1 + -1 - -8.
4
What is the value of -1 - (3 + (-3 - -3))?
-4
What is the value of (-2 - -5) + 3 + -5 + 0?
1
Evaluate (-8 + 2 - -2) + 4.
0
Calculate -4 + (2 - 2) - (1 - 8).
3
Evaluate (-3 - -5 - -1) + (-6 - 4).
-7
What is -5 - (4 + -3 - (1 + 7))?
2
What is the value of (-1 - (-2 + 0)) + -2?
-1
Evaluate 5 + (6 - 13 - (7 - 3)).
-6
What is 0 - (5 + -1 + -1 + -3)?
0
3 - (4 + (3 - 1))
-3
What is the value of -2 + 6 + -14 - -6?
-4
What is the value of -5 + -2 + -2 + (2 - -3)?
-4
What is -11 + 7 + -3 - 1?
-8
5 + (-13 - (-6 - -5)) + 0
-7
Evaluate (2 - 6) + 8 + (-11 - -3).
-4
Evaluate 2 + 4 + -1 + -8 + 2.
-1
Calculate 2 + (1 - (-1 + 1)) + -1.
2
What is the value of -1 + (-3 + -7 - -5 - -13)?
7
5 + (8 - 5 - 5)
3
What is (3 + -1 - (4 + -6)) + -2?
2
What is the value of (4 - 5) + -23 + 25?
1
What is the value of (-13 - -8) + -3 + 6?
-2
Calculate 4 - (-3 + 4 + -2 + 3).
2
What is the value of (-6 - -14) + -2 + -5?
1
Evaluate -3 + (20 - 19) + (3 - 1).
0
What is the value of 1 + (-4 + -1 - -3)?
-1
-1 + 9 - (-10 - (-17 + 8))
9
Calculate -5 - (0 - 4) - 0.
-1
Calculate 13 + -14 - (-3 + -2 + 2).
2
What is the value of -12 + 11 + 1 + -5?
-5
Calculate 7 + -4 + -2 + 1 + -7.
-5
Calculate -1 + 11 - (-3 + 12).
1
What is the value of 0 + (2 - (-2 - (-2 - -1)))?
3
0 + 5 + (14 - 14)
5
-9 + (15 - 1) + -13
-8
What is the value of 3 + 3 + -2 + -1 - 5?
-2
Calculate -5 + (8 - 2) + -3.
-2
Calculate -3 + 11 + -4 + -3.
1
What is 0 + -1 + (9 - (12 - 3))?
-1
What is -2 + 0 + 9 + (-19 - -6)?
-6
Calculate 7 - (-2 - (-4 - 2)).
3
What is the value of -1 - (1 - (-2 - 11 - -4))?
-11
What is 6 + (-12 - 1) + 7 - 8?
-8
0 + 4 + 2 + -8 + -2
-4
What is (4 - 4 - 1) + (-4 - -7)?
2
What is the value of 1 + 4 + -12 + 4 - 1?
-4
What is (12 - 4 - 2) + -8?
-2
What is -5 - (-9 + 11 - (0 - -6))?
-1
Evaluate -4 + 6 + -1 + -3.
-2
Calculate -2 + 3 + (5 - -2).
8
What is the value of 13 - 0 - (161 + -142)?
-6
Calculate 7 + -3 + -6 + (0 - -1).
-1
What is 5 - (6 - (2 - (-1 + 2)))?
0
(-3 + -1 + 13 - -3) + -5
7
Calculate 23 - 18 - (8 + -5).
2
(3 - 1) + (6 - 4) + 1
5
What is the value of 6 - (-6 - (-16 + (-1 - 4)))?
-9
What is the value of -3 - (-1 + 0 + -3 + 3)?
-2
Evaluate -7 - (-3 + 0 + -6).
2
Calculate (-23 - (8 - 12)) + 11.
-8
Calculate -3 - 3 - ((2 - 2) + -3).
-3
Evaluate 5 + -3 + 4 - (3 - -2).
1
What is the value of -2 - (2 - (-2 - -6))?
0
Calculate 6 + (-5 - (-4 - -3) - -5).
7
What is the value of -4 + 5 + (2 - (3 + -4))?
4
What is 0 + -4 + (5 - 4)?
-3
What is the value of 4 - (-4 + 4) - 1?
3
Evaluate (-1 - (9 - 6)) + 10.
6
What is the value of -3 + -4 + 4 - 1?
-4
Evaluate (580 - 595) + 8 + -2 + 1.
-8
Evaluate -5 - (-16 + 5) - 3.
3
Evaluate 2 + 1 - (-5 - -5) - 7.
-4
Calculate (0 - (1 - 7)) + (-54 - -53).
5
What is the value of 11 - (0 + 20 + -6)?
-3
What is -16 - -16 - (2 - 3 - 2)?
3
Calculate 7 - (12 - (-5 - -11)).
1
(3 + 0 - -3) + -3 + -3
0
What is the value of -2 + -2 + 9 + -9?
-4
-8 - (-5 + 1 - (-16 + 17))
-3
-6 + 3 - 3 - (-4 - -1)
-3
What is the value of -6 - 3 - (0 - 9)?
0
Calculate 5 + (-1 - 5) + 1.
0
What is the value of 11 - 4 - 3 - (-1 + 0)?
5
Calculate (6 - 4) + (4 - 3).
3
Evaluate -4 - -6 - (-2 + (-3 - -1)).
6
What is the value of (-7 + 1 - (-12 + 13)) + 3?
-4
Calculate (-4 - (-4 + 5)) + 3 + 6.
4
Evaluate 9 - (3 + (1 - 0)) - 4.
1
(2 + -6 - 0) + (19 - 14)
1
-1 + (0 - -3) + 2 - -2
6
Calculate (-3 - -7 - 4) + (-1 - 1).
-2
Calculate 1 - (-5 - (-2 + (1 - 2))).
3
What is -10 + 7 - (0 + -1 - -2)?
-4
-11 + (-2 + 6 - 5 - -3)
-9
9 + -9 + 6 + -9
-3
What is 1 + 2 - 6 - -1?
-2
Calculate (-5 + 7 - -1) + (-2 - 3).
-2
What is 5 + -2 + -2 + 2?
3
Calculate 10 + (5 - 9) + (3 - 4).
5
What is (3 - -2) + (0 - 1) + 0?
4
(2 - 4) + 12 + -14
-4
What is 8 + -3 - (1 + 6)?
-2
(5 - (4 + -5 - 2)) + -5
3
What is the value of 1 - (-2 - -4) - -7 - 1?
5
(12 - 9) + -12 - -4
-5
Evaluate 2 + -7 + (0 - 0).
-5
1 - (-1 - -2 - 6)
6
What is 1 + (-11 - -5) - -9?
4
What is 1 + -3 + 5 + 3?
6
What is the value of 2 + 3 - (-2 - 1 - -9)?
-1
Calculate 8 - (13 - (-1 - -8)).
2
Evaluate (-2 - 0 - -3) + -1 + -6.
-6
What is 8 + -6 + -3 - (3 - 1)?
-3
Calculate (6 + -7 - -6) + 1 + 0.
6
What is the value of -4 + 3 + -4 + 2 + -1?
-4
What is -44 + 44 - (-1 - -1)?
0
Evaluate (-4 + 6 - (3 + -5)) + 1.
5
Calculate 3 + -2 + 1 + -5.
-3
(-16 - -16) + 1 + -4 - -3
0
What is the value of -10 + 2 + 3 - -7?
2
What is the value of (-17 - -26) + -15 + -1?
-7
What is 4 - (7 + 1 - (-63 - -66))?
-1
What is -1 + (-10 - 1) - (-177 - -171)?
-6
Evaluate 6 - (9 - (3 - -4)).
4
Calculate -28 + 29 - (5 + 1).
-5
What is the value of -3 + 4 - (-4 - 0 - -4)?
1
What is the value of 4 - (11 + (-1 - (0 - -4)))?
-2
Evaluate 14 - (-8 - -10 - -6).
6
What is the value of 